{"id":1407,"date":"2018-04-15T12:29:53","date_gmt":"2018-04-15T10:29:53","guid":{"rendered":"https:\/\/www.rryff.de\/wp-rryff-https\/?page_id=1407"},"modified":"2024-11-06T22:15:08","modified_gmt":"2024-11-06T21:15:08","slug":"events-history","status":"publish","type":"page","link":"https:\/\/www.rryff.de\/wp-rryff-https\/events-history\/","title":{"rendered":"Events History"},"content":{"rendered":"<p>[vc_row][vc_column][vc_column_text]<\/p>\n<h1 style=\"text-align: center;\"><a href=\"https:\/\/open.spotify.com\/artist\/3er8xP3IsX1uBpY3NIGdfc\">EVENTS<\/a> <a href=\"https:\/\/www.rryff.de\/wp-rryff-https\/events-history\/\"><span style=\"color: #ff0000;\">HISTORY<\/span><\/a><\/h1>\n<p>[\/vc_column_text][vc_tta_tour style=&#8220;flat&#8220; color=&#8220;juicy-pink&#8220; active_section=&#8220;1&#8243;][vc_tta_section i_icon_fontawesome=&#8220;far fa-calendar-alt&#8220; add_icon=&#8220;true&#8220; title=&#8220;Events\u00b42024&#8243; tab_id=&#8220;1582810857040-2a88a88e-10aa&#8220;][vc_column_text css=&#8220;.vc_custom_1730927702907{background-color: #000000 !important;}&#8220;]<\/p>\n<h2>Events <span style=\"color: #ff0000;\">in 2024<\/span><\/h2>\n<ul>\n<li>03.08.2024 &#8211; &#8218;<strong>RRYFF @ R\u00f6ssle B\u00fcrgergarten&#8216; BiBi-Pop Bietigheim<\/strong>\u00a0| RRYFF Live on Tour<\/li>\n<li>29.06.2024 &#8211; <strong>&#8218;RRYFF&#8216; @ Goldene Krone&#8216;\u00a0 Darmstadt |<\/strong> RRYFF Live on Tour<\/li>\n<li>20.04.2024 &#8211; <strong>&#8218;RRYFF @ Arigato&#8216;\u00a0 Stuttgart |<\/strong> RRYFF Live on Tour<\/li>\n<li>13.04.2024 &#8211; <strong>&#8218;RRYFF @ Rock Bar&#8216; Leonberg |<\/strong> RRYFF Live on Tour<\/li>\n<li>13.01.2024 &#8211; <strong>&#8218;RRYFF @ Live Club&#8216; Bamberg |<\/strong> RRYFF Live on Tour<\/li>\n<\/ul>\n<p>[\/vc_column_text][\/vc_tta_section][vc_tta_section i_icon_fontawesome=&#8220;far fa-calendar-alt&#8220; add_icon=&#8220;true&#8220; title=&#8220;Events\u00b42023&#8243; tab_id=&#8220;1709331850592-e4467239-ca5c&#8220;][vc_column_text css=&#8220;.vc_custom_1704224912361{background-color: #000000 !important;}&#8220;]<\/p>\n<h2>Events <span style=\"color: #ff0000;\">in 2023<\/span><\/h2>\n<ul>\n<li>14.10.2023<b>\u00a0&#8211; <\/b><strong>&#8218;Sakrema&#8216; Pforzheim |<\/strong> RRYFF Live<\/li>\n<li>16.09.2023<b>\u00a0&#8211; <\/b><strong>&#8218;Apothe<\/strong><strong>kerjubil\u00e4um&#8216; Stuttgart <\/strong>| RRYFF Live<\/li>\n<li>13.08.2023<b>\u00a0&#8211; <\/b><strong>&#8218;Pappelgarten&#8216; Reutlingen |<\/strong> RRYFF Live<\/li>\n<li>29.07.2023<b>\u00a0&#8211; <\/b><strong>&#8218;Fl\u00f6sserfest&#8216; Neuenb\u00fcrg |<\/strong> RRYFF Live<\/li>\n<li>15.07.2023 &#8211; <strong>&#8218;SPH MusicMasters &#8211; FinalrundeStuttgart&#8216; Schocken Stuttgart<\/strong> <strong>|<\/strong> RRYFF Favorite in Contest<\/li>\n<li>01.07.2023<b>\u00a0&#8211; <\/b><strong>&#8218;Sommer Traditional&#8216; Privat-Gartenparty StammFan Hans|<\/strong> RRYFF Live<\/li>\n<li>04.03.2023<b>\u00a0&#8211; <\/b><strong>&#8218;Arigato&#8216; Stuttgart |<\/strong> RRYFF Live<\/li>\n<li>11.02.2023 &#8211; <strong>&#8218;SPH MusicMasters &#8211; VorrundeStuttgart&#8216; Schocken Stuttgart |<\/strong> RRYFF Favorite in Contest<\/li>\n<li>14.01.2023 &#8211; <strong>&#8218;RRYFF @ Live Club&#8216; Bamberg |<\/strong> RRYFF Live on Tour<\/li>\n<\/ul>\n<hr \/>\n<p>[\/vc_column_text][\/vc_tta_section][vc_tta_section i_icon_fontawesome=&#8220;far fa-calendar-alt&#8220; add_icon=&#8220;true&#8220; title=&#8220;Events\u00b42022&#8243; tab_id=&#8220;1685660961872-bcd0cadb-272b&#8220;][vc_column_text css=&#8220;.vc_custom_1685662328886{background-color: #000000 !important;}&#8220;]<\/p>\n<h2>Events <span style=\"color: #ff0000;\">in 2022<\/span><\/h2>\n<ul>\n<li>19.11.2022<b>\u00a0&#8211; <\/b><strong>&#8218;Rock&#8217;n Roll meets Metal&#8216; Felsengalerie, Bietigheim | <\/strong>RRYFF Live | Abgesagt<\/li>\n<li>05.11.2022<b>\u00a0&#8211; <\/b><strong>&#8218;Arigato&#8216; Stuttgart |<\/strong> RRYFF Live<\/li>\n<li>10.09.2022<b> &#8211;<\/b><b>\u00a0<\/b><strong>&#8218;Festival Rock am Zeller Berg&#8216; unter Aichelberg | <\/strong>RRYFF Live | Wegen Krankheit ausgefallen<\/li>\n<li>20.08.2022 &#8211; <strong>&#8218;Privatveranstaltung at Apothekenfest&#8216; Marienplatz, Stuttgart<\/strong> | RRYFF Privat<\/li>\n<li>23.07.2022<b>\u00a0&#8211; <\/b><strong>&#8218;Gartenparty StammFan Hans&#8216;, Zuffenhausen |<\/strong> RRYFF Private Moonlight Party<\/li>\n<li>18.06.2022 &#8211; <strong>&#8218;Rock&#8217;n Roll meets Arts&#8216; Felsengalerie ,Bietigheim | <\/strong>RRYFF Live<\/li>\n<\/ul>\n<hr \/>\n<p>[\/vc_column_text][\/vc_tta_section][vc_tta_section i_icon_fontawesome=&#8220;far fa-calendar-alt&#8220; add_icon=&#8220;true&#8220; title=&#8220;Events\u00b42021&#8243; tab_id=&#8220;1685660111298-bf74baa4-7299&#8243;][vc_column_text css=&#8220;.vc_custom_1685662220030{background-color: #000000 !important;}&#8220;]<\/p>\n<h2>Events <span style=\"color: #ff0000;\">in 2021<\/span><\/h2>\n<ul>\n<li>16.10.2021<b>\u00a0&#8211; <\/b><strong>&#8218;Rock&#8217;n Roll im Kuckucksei&#8216;, N\u00fcrtingen|<\/strong> RRYFF Live<\/li>\n<li>18.09.2021<b>\u00a0&#8211; <\/b><strong>&#8218;Rock&#8217;n Roll in the Dschungel&#8216; GartenOpenAir, Weilimdorf |<\/strong> RRYFF Private Moonlight Concert<\/li>\n<li>21.08.2021<b>\u00a0&#8211; <\/b><strong>&#8218;Gartenparty StammFan Hans&#8216;, Zuffenhausen |<\/strong> RRYFF Private Moonlight Party<\/li>\n<li>24.07.2021<b> &#8211; &#8218;Rock meets Arts&#8216; Felsengalerie, Bietigheim | <\/b>RRYFF &#8211; Event by Andrej Hohly, with famous Rock&#8217;n Roll Artist: Cadillac Kolstad<\/li>\n<\/ul>\n<ul>\n<li><strong>3.\/4. Quartal&#8217;2021 &#8211; Gigs<\/strong> | Geplante EVENTS finden statt gem\u00e4\u00df offizieller Corona-Verordnungen!<\/li>\n<\/ul>\n<hr \/>\n<p>[\/vc_column_text][\/vc_tta_section][vc_tta_section i_icon_fontawesome=&#8220;fa fa-th-list&#8220; add_icon=&#8220;true&#8220; title=&#8220;Events\u00b42020&#8243; tab_id=&#8220;1631973303253-3d48d101-f6b6&#8243;][vc_column_text css=&#8220;.vc_custom_1626523194228{background-color: #000000 !important;}&#8220;]<\/p>\n<h2>Events <span style=\"color: #ff0000;\">in 2020<\/span><\/h2>\n<ul>\n<li>25.01.2020<b> &#8211; Arigato, Stuttgart | <\/b>RRYFF &#8211; Album &#8218;CZECH KISS&#8216; Tour 2020<\/li>\n<li>28.03.2020<b> &#8211; Live-Club, Bamberg | <\/b>RRYFF &#8211; Album &#8218;CZECH KISS&#8216; Tour 2020 (abgesagt gem\u00e4\u00df offizieller Regelungen)<\/li>\n<li>04.04.2020<b> &#8211; Arigato, Stuttgart | <\/b>RRYFF &#8211; Album &#8218;CZECH KISS&#8216; Tour 2020 (abgesagt gem\u00e4\u00df offiziellen Regelungen)<\/li>\n<li>25.04.2020<b> &#8211; Kuckucksei, N\u00fcrtingen | <\/b>RRYFF &#8211; Album &#8218;CZECH KISS&#8216; Tour 2020 (abgesagt gem\u00e4\u00df offizieller Regelungen)<\/li>\n<\/ul>\n<ul>\n<li><strong>2.\/3.\/4. Quartal&#8217;2020 &#8211; Gigs<\/strong> | Geplante EVENTS ausgefallen gem\u00e4\u00df offizieller Corona-Verordnungen!<\/li>\n<\/ul>\n<hr \/>\n<p>[\/vc_column_text][\/vc_tta_section][vc_tta_section i_icon_fontawesome=&#8220;fa fa-th-list&#8220; add_icon=&#8220;true&#8220; title=&#8220;Events\u00b42019&#8243; tab_id=&#8220;1582810847316-c81920de-07ae&#8220;][vc_column_text css=&#8220;.vc_custom_1582810830927{background-color: #000000 !important;}&#8220;]<\/p>\n<h2>Events <span style=\"color: #ff0000;\">in 2019<\/span><\/h2>\n<ul>\n<li>09.11.2019 &#8211; <strong>&#8218;Benefiz-Spendengewinner Danke-Konzert&#8216;, Eisb\u00e4r Esslingen | <\/strong>RRYFF sagt Danke!<\/li>\n<li>20.07.2019 &#8211; <strong>&#8218;Jubil\u00e4ums-Party Konzert&#8216;, Restaurant Zeus Esslingen |<\/strong> RRY Privat-Veranstaltung zu Ehren der Jubilarin<\/li>\n<li>29.06.2019 &#8211; <strong>&#8218;Gartenparty StammFan Hans&#8216;, Zuffenhausen |<\/strong> RRYFF Privat-Veranstaltung Moonlight Concert<\/li>\n<li>29.06.2019 &#8211; <strong>&#8217;49. Marktplatzfest&#8216; Ludwigsburg |<\/strong> RRYFF von Fans via Online-Voting f\u00fcr Auftritt gew\u00e4hlt<\/li>\n<li>30.04.2019<b> &#8211; &#8218;Tanz in Mai\u00b42019&#8216;, Hillsons Stuttgart | <\/b>RRYFF feat. Gracefire<\/li>\n<li>26.04.2019<b> &#8211; Spenden\u00fcbergabe Benefizkonzert&#8217;2019, Klinikum Esslingen |<\/b> RRYFF bei Klinik-Leitung &amp; Onkologie<\/li>\n<li>30.03.2019<b> &#8211; Benefizkonzert &#8218;Highway to Help 3.0&#8216;, 4Peh Esslingen | <\/b>Zugunsten Onkologie des Klinikums Esslingen<\/li>\n<li>26.01.2019<b> &#8211; Sofakonzert &#8218;Bandmember Janco&#8216;, Stuttgart | <\/b><i>Privat-Veranstaltung<\/i><\/li>\n<li>12.01.2019<b> &#8211; Live-Club, Bamberg | <\/b>RRYFF &#8211; Album &#8218;CZECH KISS&#8216; Tour 2019<\/li>\n<\/ul>\n<hr \/>\n<p>[\/vc_column_text][\/vc_tta_section][vc_tta_section i_icon_fontawesome=&#8220;far fa-calendar-alt&#8220; add_icon=&#8220;true&#8220; title=&#8220;Events\u00b42018&#8243; tab_id=&#8220;1549837517455-7f0e3cb3-8a62&#8243;][vc_column_text css=&#8220;.vc_custom_1544194346075{background-color: #000000 !important;}&#8220;]<\/p>\n<h2>Events <span style=\"color: #ff0000;\">in 2018<\/span><\/h2>\n<hr \/>\n<ul>\n<li>30.11.2018<b> \u2013 Club Zentral, Stuttgart | <\/b>RRYFF &#8211; Album Release Party | Feat. &#8218;End of Me&#8216; und &#8218;PXXT&#8216;<\/li>\n<li>06.10.2018<b>\u00a0&#8211; Hillsons, Stuttgart<\/b>\u00a0| RRYFF &#8211; Gig mit &#8218;End of Me&#8216;<\/li>\n<li>30.06.2018<b> &#8211; Gartenfest &#8218;StammFan Hans&#8216;, Stuttgart | <\/b><i>Privat-Veranstaltung<\/i><\/li>\n<li>1. HJ\u00a0 2018\u00a0<b>&#8211; RRYFF im Studio <\/b>f\u00fcr unser <b>Album &#8218;Czech Kiss&#8216;!<\/b><\/li>\n<li>26.01.2018<b>\u00a0&#8211; Gaby&#8217;s Gruft, Stuttgart<\/b>\u00a0| RRYFF &#8211; Gig mit &#8218;BooN GooN&#8216; &amp; &#8218;GraceFire&#8216;<\/li>\n<\/ul>\n<hr \/>\n<p>[\/vc_column_text][\/vc_tta_section][vc_tta_section i_icon_fontawesome=&#8220;fa fa-th-list&#8220; add_icon=&#8220;true&#8220; title=&#8220;Events\u00b42017&#8243; tab_id=&#8220;1537371200750-706cb846-fe81&#8243;][vc_column_text css=&#8220;.vc_custom_1542968002145{background-color: #000000 !important;}&#8220;]<\/p>\n<h2>Events <span style=\"color: #ff0000;\">in 2017<\/span><\/h2>\n<hr \/>\n<ul>\n<li>25.11.2017<b> &#8211; Cafe Intus, Botnang | RRYFF &#8211; &#8218;What&#8217;s hot Festival&#8216; <\/b><\/li>\n<li><i>28.10.2017<b> &#8211; VierPeh, Esslingen | RRYFF &#8211; Special |<\/b> Mussten wir leider absagen<\/i><\/li>\n<li><i>15.07.2017<b> &#8211; Fl\u00f6\u00dferfest, Neuenb\u00fcrg | <\/b> Fest abgesagt, fand dieses Jahr leider nicht statt<\/i><\/li>\n<li>01.07.2017<b> &#8211; Gartenfest &#8218;StammFan Hans&#8216;, Stuttgart | <\/b><i>Privat-Veranstaltung<\/i><\/li>\n<li>10.06.2017<b> &#8211; Stadtfest, Stuttgart | S\u00fcdheimerplatz | <\/b> RRYFF gemeinsam mit 2ndCrash<\/li>\n<li>20.05.2017<b> &#8211; Firmenfest &#8218;Duktus&#8216;, Stuttgart | <\/b><i>Privat-Veranstaltung<\/i><\/li>\n<li>15.04.2017<b> &#8211; Vier Peh, Esslingen | &#8218;Benefizkonzert&#8216; | <\/b>RRYFF, GraceFire, Tekker; Gemeinsamer Gig f\u00fcr Spendenaktion an Kinderklinik Esslingen<\/li>\n<li>25.03.2017<b> &#8211; Cafe Intus, Botnang | &#8218;Stagedive Contest&#8216; | <\/b>Stagedive Contest&#8216;<\/li>\n<li>17.03.2017<b> &#8211; KOMMA, Esslingen | &#8218;Vier Peh Bene Fizz&#8217;| <\/b>&#8218;Soli-Festival&#8216; zum Erhalt &#8218;Vier Peh&#8216;<\/li>\n<\/ul>\n<hr \/>\n<p>[\/vc_column_text][\/vc_tta_section][vc_tta_section i_icon_fontawesome=&#8220;far fa-calendar-alt&#8220; add_icon=&#8220;true&#8220; title=&#8220;Events\u00b42016&#8243; tab_id=&#8220;1523794898529-19eb1de6-55ac&#8220;][vc_column_text css=&#8220;.vc_custom_1537890508844{background-color: #000000 !important;}&#8220;]<\/p>\n<h2>Events <span style=\"color: #ff0000;\">in 2016<\/span><\/h2>\n<hr \/>\n<ul>\n<li>19.11.2016<b> &#8211; Arigato, Stuttgart<\/b><\/li>\n<li>18.11.2016<b> &#8211; Arigato, Stuttgart<\/b><\/li>\n<li>16.07.2016<b> &#8211; Wunderland<\/b> (Marktplatzfest),<b> Bietigheim<\/b><\/li>\n<li><i>02.07.2016<b> &#8211; Stadtfest<\/b> (beim Schelztor),<b> Esslingen | <\/b> wegen Fussball-EM leider ausgefallen<\/i><\/li>\n<li>01.07.2016<b> &#8211; Spenden\u00fcbergabe RRYFF-Benefizrock&#8217;2016<\/b> an Kinderklinik Esslingen<\/li>\n<li>23.06.2016<b> &#8211; Kap Tormentoso, Stuttgart<\/b><\/li>\n<li>30.04.2016<b> &#8211; Oscar&#8217;s<\/b> (RRYFF ist Vorband der bekannten Band 2ndCrash),<b> Esslingen<\/b><\/li>\n<li>08.04.2016<b> &#8211; VierPeh RRYFF-Benefizrock&#8217;2016, Esslingen<\/b><\/li>\n<li>02.01.2016<b> &#8211; Uhlenspiegel<\/b> (Er\u00f6ffnungs-Formation Jam-Session),<b> Rutesheim<\/b><\/li>\n<\/ul>\n<hr \/>\n<p>[\/vc_column_text][\/vc_tta_section][vc_tta_section i_icon_fontawesome=&#8220;far fa-calendar-alt&#8220; add_icon=&#8220;true&#8220; title=&#8220;Events\u00b42015&#8243; tab_id=&#8220;1523795175041-4e480921-d9f3&#8243;][vc_column_text css=&#8220;.vc_custom_1537890522359{background-color: #000000 !important;}&#8220;]<\/p>\n<h2>Events <span style=\"color: #ff0000;\">in 2015<\/span><\/h2>\n<hr \/>\n<ul>\n<li>31.10.2015<b> &#8211; Brauhaus, Ludwigsburg<\/b><\/li>\n<li>26.09.2015<b> &#8211; Kulturtag XXL, Bietigheim<\/b><\/li>\n<li>11.07.2015<b> &#8211; Fl\u00f6\u00dferfest, Neuenb\u00fcrg<\/b><\/li>\n<li>27.06.2015<b> &#8211; Gartenfest, Stuttgart<\/b><\/li>\n<li>09.05.2015<b> &#8211; Stagedive Festival Finale im B\u00fcrgerhaus Botnang, Stuttgart<\/b><\/li>\n<li>02.05.2015<b> &#8211; Purple Haze, Remseck<\/b><\/li>\n<li>17.04.2015<b> &#8211; Brauhaus, Ludwigsburg<\/b><\/li>\n<li>04.04.2015<b> &#8211; Geburtstagsfeier, Stuttgart<\/b><\/li>\n<li>14.03.2015<b> &#8211; Stagedive Festival im B\u00fcrgerhaus Botnang, Stuttgart<\/b><\/li>\n<li>28.02.2015<b> &#8211; Riff, Bietigheim<\/b><\/li>\n<li>07.02.2015<b> &#8211; Bierkrug, Heilbronn<\/b><\/li>\n<li>30.01.2015<b> &#8211; La Guitarra, Stuttgart<\/b><\/li>\n<li>10.01.2015<b> &#8211; La Guitarra, Stuttgart<\/b><\/li>\n<li>03.01.2015<b> &#8211; Uhlenspiegel, Rutesheim<\/b><\/li>\n<\/ul>\n<hr \/>\n<p>[\/vc_column_text][\/vc_tta_section][vc_tta_section i_icon_fontawesome=&#8220;far fa-calendar-alt&#8220; add_icon=&#8220;true&#8220; title=&#8220;Events\u00b42014&#8243; tab_id=&#8220;1523795174027-a7ffd637-2f8b&#8220;][vc_column_text css=&#8220;.vc_custom_1537890534111{background-color: #000000 !important;}&#8220;]<\/p>\n<h2>Events <span style=\"color: #ff0000;\">in 2014<\/span><\/h2>\n<hr \/>\n<ul>\n<li>21.11.2014<b> &#8211; Joanna&#8217;s, Ludwigsburg<\/b><\/li>\n<li>24.10.2014<b> &#8211; La Guitarra, Stuttgart<\/b><\/li>\n<li>11.10.2014<b> &#8211; La Guitarra, Stuttgart<\/b><\/li>\n<li>01.10.2014<b> &#8211; Einweihung Jugendtreff, Bietigheim<\/b><\/li>\n<li>26.09.2014<b> &#8211; Hofmeister, Bietigheim<\/b> mit M\u00fcnchener Freiheit und Inside<\/li>\n<li>26.08.2014<b> &#8211; Ilbarritz Bar, Biarritz<\/b><\/li>\n<li>02.08.2014<b> &#8211; La Guitarra, Stuttgart<\/b><\/li>\n<li>26.07.2014<b> &#8211; Alcatel-Lucent Familientag, Stuttgart<\/b><\/li>\n<li>19.07.2014<b> &#8211; Gartenfest, Stuttgart<\/b><\/li>\n<li>06.06.2014<b> &#8211; La Guitarra, Stuttgart<\/b><\/li>\n<li>16.05.2014<b> &#8211; Ellental Bandcontest, Bietigheim<\/b><\/li>\n<li>29.03.2014<b> &#8211; Club Zentral, Stuttgart<\/b> mit Polarb\u00e4r Pollux u.a.<\/li>\n<li>08.02.2014<b> &#8211; La Guitarra, Stuttgart<\/b><\/li>\n<li>25.01.2014<b> &#8211; Arigato, Stuttgart<\/b><\/li>\n<li>24.01.2014<b> &#8211; Arigato, Stuttgart<\/b><\/li>\n<\/ul>\n<hr \/>\n<p>[\/vc_column_text][\/vc_tta_section][vc_tta_section i_icon_fontawesome=&#8220;far fa-calendar-alt&#8220; add_icon=&#8220;true&#8220; title=&#8220;Events\u00b42013&#8243; tab_id=&#8220;1523795163964-0514d52c-4560&#8243;][vc_column_text css=&#8220;.vc_custom_1537890547359{background-color: #000000 !important;}&#8220;]<\/p>\n<h2>Events <span style=\"color: #ff0000;\">in 2013<\/span><\/h2>\n<hr \/>\n<ul>\n<li>30.11.2013<b> &#8211; La Bamboo, Stuttgart<\/b><\/li>\n<li>16.11.2013<b> &#8211; Novemberrock, Sachsenheim<\/b><\/li>\n<li>21.09.2013<b> &#8211; Alcatel-Lucent Familientag, Stuttgart<\/b><\/li>\n<li>14.09.2013<b> &#8211; La Guitarra, Stuttgart<\/b><\/li>\n<li>22.08.2013<b> &#8211; Ilbarritz Bar, Biarritz<\/b><\/li>\n<li>21.06.2013<b> &#8211; Ellental Bandcontest, Bietigheim<\/b><\/li>\n<li>04.05.2013<b> &#8211; Alpirsbacher, Stuttgart<\/b><\/li>\n<li>03.05.2013<b> &#8211; Tsch\u00e4bblaberg, Stuttgart<\/b><\/li>\n<li>26.04.2013<b> &#8211; La Guitarra, Stuttgart<\/b><\/li>\n<\/ul>\n<hr \/>\n<p>[\/vc_column_text][\/vc_tta_section][vc_tta_section i_icon_fontawesome=&#8220;far fa-calendar-alt&#8220; add_icon=&#8220;true&#8220; title=&#8220;Events\u00b42012&#8243; tab_id=&#8220;1523795170677-9e177435-a58a&#8220;][vc_column_text css=&#8220;.vc_custom_1537890560644{background-color: #000000 !important;}&#8220;]<\/p>\n<h2>Events <span style=\"color: #ff0000;\">in 2012<\/span><\/h2>\n<hr \/>\n<ul>\n<li>09.11.2012<b> &#8211; Rosis Pinte, Stuttgart<\/b><\/li>\n<\/ul>\n<hr \/>\n<p>[\/vc_column_text][\/vc_tta_section][\/vc_tta_tour][\/vc_column][\/vc_row]<\/p>\n","protected":false},"excerpt":{"rendered":"<p>[vc_row][vc_column][vc_column_text] EVENTS HISTORY [\/vc_column_text][vc_tta_tour style=&#8220;flat&#8220; color=&#8220;juicy-pink&#8220; active_section=&#8220;1&#8243;][vc_tta_section i_icon_fontawesome=&#8220;far fa-calendar-alt&#8220; add_icon=&#8220;true&#8220; title=&#8220;Events\u00b42024&#8243; tab_id=&#8220;1582810857040-2a88a88e-10aa&#8220;][vc_column_text css=&#8220;.vc_custom_1730927702907{background-color: #000000 !important;}&#8220;] Events in 2024 03.08.2024 &#8211; &#8218;RRYFF @ R\u00f6ssle B\u00fcrgergarten&#8216; BiBi-Pop Bietigheim\u00a0| RRYFF Live on Tour 29.06.2024 &#8211; &#8218;RRYFF&#8216; @ Goldene Krone&#8216;\u00a0 Darmstadt | RRYFF Live on Tour 20.04.2024 &#8211; &#8218;RRYFF @ Arigato&#8216;\u00a0 Stuttgart | RRYFF Live on Tour 13.04.2024 &#8211; &#8218;RRYFF @ Rock Bar&#8216; Leonberg<\/p>\n","protected":false},"author":1,"featured_media":0,"parent":0,"menu_order":0,"comment_status":"closed","ping_status":"closed","template":"","meta":{"_monsterinsights_skip_tracking":false,"_monsterinsights_sitenote_active":false,"_monsterinsights_sitenote_note":"","_monsterinsights_sitenote_category":0,"footnotes":""},"class_list":["post-1407","page","type-page","status-publish","hentry","no-featured"],"aioseo_notices":[],"_links":{"self":[{"href":"https:\/\/www.rryff.de\/wp-rryff-https\/wp-json\/wp\/v2\/pages\/1407","targetHints":{"allow":["GET"]}}],"collection":[{"href":"https:\/\/www.rryff.de\/wp-rryff-https\/wp-json\/wp\/v2\/pages"}],"about":[{"href":"https:\/\/www.rryff.de\/wp-rryff-https\/wp-json\/wp\/v2\/types\/page"}],"author":[{"embeddable":true,"href":"https:\/\/www.rryff.de\/wp-rryff-https\/wp-json\/wp\/v2\/users\/1"}],"replies":[{"embeddable":true,"href":"https:\/\/www.rryff.de\/wp-rryff-https\/wp-json\/wp\/v2\/comments?post=1407"}],"version-history":[{"count":102,"href":"https:\/\/www.rryff.de\/wp-rryff-https\/wp-json\/wp\/v2\/pages\/1407\/revisions"}],"predecessor-version":[{"id":4279,"href":"https:\/\/www.rryff.de\/wp-rryff-https\/wp-json\/wp\/v2\/pages\/1407\/revisions\/4279"}],"wp:attachment":[{"href":"https:\/\/www.rryff.de\/wp-rryff-https\/wp-json\/wp\/v2\/media?parent=1407"}],"curies":[{"name":"wp","href":"https:\/\/api.w.org\/{rel}","templated":true}]}}